{"id":16954,"date":"2020-10-06T21:56:15","date_gmt":"2020-10-06T20:56:15","guid":{"rendered":"http:\/\/www.gannahall.de\/?page_id=16954"},"modified":"2022-04-01T13:53:38","modified_gmt":"2022-04-01T12:53:38","slug":"angebot","status":"publish","type":"page","link":"http:\/\/www.tiuwari.de\/index.php\/angebot\/","title":{"rendered":"Angebot"},"content":{"rendered":"<p>[fusion_builder_container hundred_percent=&#8220;no&#8220; equal_height_columns=&#8220;no&#8220; menu_anchor=&#8220;&#8220; hide_on_mobile=&#8220;small-visibility,medium-visibility,large-visibility&#8220; class=&#8220;&#8220; id=&#8220;&#8220; background_color=&#8220;&#8220; background_image=&#8220;&#8220; background_position=&#8220;center center&#8220; background_repeat=&#8220;no-repeat&#8220; fade=&#8220;no&#8220; background_parallax=&#8220;none&#8220; parallax_speed=&#8220;0.3&#8243; video_mp4=&#8220;&#8220; video_webm=&#8220;&#8220; video_ogv=&#8220;&#8220; video_url=&#8220;&#8220; video_aspect_ratio=&#8220;16:9&#8243; video_loop=&#8220;yes&#8220; video_mute=&#8220;yes&#8220; overlay_color=&#8220;&#8220; video_preview_image=&#8220;&#8220; border_size=&#8220;&#8220; border_color=&#8220;&#8220; border_style=&#8220;solid&#8220; padding_top=&#8220;&#8220; padding_bottom=&#8220;&#8220; padding_left=&#8220;&#8220; padding_right=&#8220;&#8220;][fusion_builder_row][fusion_builder_column type=&#8220;1_1&#8243; layout=&#8220;1_1&#8243; background_position=&#8220;left top&#8220; background_color=&#8220;&#8220; border_size=&#8220;&#8220; border_color=&#8220;&#8220; border_style=&#8220;solid&#8220; border_position=&#8220;all&#8220; spacing=&#8220;yes&#8220; background_image=&#8220;&#8220; background_repeat=&#8220;no-repeat&#8220; padding_top=&#8220;&#8220; padding_right=&#8220;&#8220; padding_bottom=&#8220;&#8220; padding_left=&#8220;&#8220; margin_top=&#8220;0px&#8220; margin_bottom=&#8220;0px&#8220; class=&#8220;&#8220; id=&#8220;&#8220; animation_type=&#8220;&#8220; animation_speed=&#8220;0.3&#8243; animation_direction=&#8220;left&#8220; hide_on_mobile=&#8220;small-visibility,medium-visibility,large-visibility&#8220; center_content=&#8220;no&#8220; last=&#8220;no&#8220; min_height=&#8220;&#8220; hover_type=&#8220;none&#8220; link=&#8220;&#8220;][fusion_imageframe image_id=&#8220;17524|600&#8243; max_width=&#8220;&#8220; style_type=&#8220;glow&#8220; blur=&#8220;&#8220; stylecolor=&#8220;&#8220; hover_type=&#8220;none&#8220; bordersize=&#8220;3&#8243; bordercolor=&#8220;&#8220; borderradius=&#8220;&#8220; align=&#8220;center&#8220; lightbox=&#8220;no&#8220; gallery_id=&#8220;&#8220; lightbox_image=&#8220;&#8220; lightbox_image_id=&#8220;&#8220; alt=&#8220;&#8220; link=&#8220;&#8220; linktarget=&#8220;_self&#8220; hide_on_mobile=&#8220;small-visibility,medium-visibility,large-visibility&#8220; class=&#8220;&#8220; id=&#8220;&#8220; animation_type=&#8220;&#8220; animation_direction=&#8220;left&#8220; animation_speed=&#8220;0.3&#8243; animation_offset=&#8220;&#8220;]http:\/\/www.gannahall.de\/wp-content\/uploads\/2022\/04\/IMG_20220331_172316_507-600&#215;503.jpg[\/fusion_imageframe][fusion_text columns=&#8220;&#8220; column_min_width=&#8220;&#8220; column_spacing=&#8220;&#8220; rule_style=&#8220;default&#8220; rule_size=&#8220;&#8220; rule_color=&#8220;&#8220; hide_on_mobile=&#8220;small-visibility,medium-visibility,large-visibility&#8220; class=&#8220;&#8220; id=&#8220;&#8220;]<\/p>\n<p align=\"center\">&#8230;<\/p>\n<p style=\"text-align: center;\"><span style=\"color: #000000;\"><span style=\"font-family: Garamond, serif;\"><span style=\"font-size: medium;\"><b>Gannahall &#8211; Retreat<\/b><\/span><\/span><\/span><\/p>\n<p align=\"center\"><span style=\"color: #000000;\"><span style=\"font-family: Garamond, serif;\"><span style=\"font-size: medium;\"><b>Eine dreit\u00e4gige Reise zur\u00fcck zu den Wurzeln, zur\u00fcck zur Natur und zur\u00fcck zu Dir selbst.<\/b><\/span><\/span><\/span><\/p>\n<p align=\"center\"><span style=\"font-family: Garamond, serif;\"><span style=\"font-size: medium;\"><b>Datum 13. &#8211; 15.05.2022<\/b><\/span><\/span><\/p>\n<p><span style=\"font-family: Garamond, serif;\"><span style=\"font-size: medium;\">Das historische Dorf Gannahall ist ein idyllischer Ort. Das satte Gr\u00fcn der B\u00e4ume und Wiesen grenzt an einen endlos scheinenden tiefblauen Himmel, an dem hoch oben der Milan, der rote Adler Brandenburgs seine Kreise zieht. Hier im sch\u00f6nen Havelland, welches sich direkt vor den nordwestlichen Toren von Berlin erstreckt, lebten zu Beginn unserer Zeitrechnung Menschen vom Stamm der Semnonen, welcher von antiken Autoren als \u201e\u00e4ltester und ehrw\u00fcrdigster Stamm\u201c des Volkes der Sueben beschrieben wurde. <\/span><\/span><\/p>\n<p><span style=\"font-family: Garamond, serif;\"><span style=\"font-size: medium;\">Gut eintausend Jahre lang lebten Sie zwischen Elbe und Oder in Einklang mit der Natur, die ihnen Heimat war. Besondere M\u00e4nner und Frauen legten hier heilige Haine an, deren B\u00e4ume \u00fcber die Jahrhunderte zu uralten Riesen wurden. Eine dieser Frauen war die semnonische Seherin Ganna, nach welcher das historische Dorf Gannahall benannt ist.<\/span><\/span><\/p>\n<p><span style=\"font-family: Garamond, serif;\"><span style=\"font-size: medium;\"><b>Programm: <\/b><\/span><\/span><\/p>\n<p><span style=\"font-family: Garamond, serif;\"><span style=\"font-size: medium;\"><b>Freitag, den 13.05.2022<\/b><\/span><\/span><\/p>\n<p><span style=\"color: #000000;\"><span style=\"font-family: Garamond, serif;\"><span style=\"font-size: medium;\">&#8211; Individuelle und flexible Anreise bis 16:00 Uhr <\/span><\/span><\/span><\/p>\n<p><span style=\"color: #000000;\"><span style=\"font-family: Garamond, serif;\"><span style=\"font-size: medium;\">&#8211; Bei einem Becher Met oder Kr\u00e4utertee ankommen, Eure historischen Zelte beziehen und entspannen<\/span><\/span><\/span><\/p>\n<p><span style=\"color: #000000;\"><span style=\"font-family: Garamond, serif;\"><span style=\"font-size: medium;\">&#8211; 17:30 &#8211; 18:30 Natur-Yoga auf der Wiese<\/span><\/span><\/span><\/p>\n<p><span style=\"font-family: Garamond, serif;\"><span style=\"font-size: medium;\">&#8211; 18:30 Abendessen \/ Veganes oder Deftiges vom Grill, dazu selbstgebackenes Brot aus unserem Lehmbackofen.<\/span><\/span><\/p>\n<p><span style=\"font-family: Garamond, serif;\"><span style=\"font-size: medium;\">&#8211; Anschlie\u00dfend backen wir f\u00fcr das samst\u00e4gliche Fr\u00fchst\u00fcck.<\/span><\/span><\/p>\n<p><span style=\"font-family: Garamond, serif;\"><span style=\"font-size: medium;\">&#8211; 20:30 Entspannter Tagesausklang am Feuer mit Euren Gastgebern, die Euch mitnehmen auf eine Zeitreise in die Berlin-Brandenburgische Vor- und Fr\u00fchgeschichte. Was ihr schon immer \u00fcber unsere havell\u00e4ndischen Vorfahren und ihren Alltag vor 2000 Jahren wissen wolltet \u2026 Ihr fragt, wir erz\u00e4hlen. <\/span><\/span><\/p>\n<p><span style=\"font-family: Garamond, serif;\"><span style=\"font-size: medium;\"><b>Samstag, den 14.05.2022<\/b><\/span><\/span><\/p>\n<p><span style=\"color: #000000;\"><span style=\"font-family: Garamond, serif;\"><span style=\"font-size: medium;\">&#8211; 08:00 &#8211; 9:00 Natur-Yoga auf der Wiese<\/span><\/span><\/span><\/p>\n<p><span style=\"font-family: Garamond, serif;\"><span style=\"font-size: medium;\">&#8211; 9:00 Fr\u00fchst\u00fcck mit selbstgebackenem Brot aus dem Lehmofen<\/span><\/span><\/p>\n<p><span style=\"font-family: Garamond, serif;\"><span style=\"font-size: medium;\"><span style=\"color: #000000;\">&#8211; 10:30 kleine Wald-Kr\u00e4uterwanderung mit Naturcoaching (<\/span><span style=\"color: #000000;\"><i>ggf.<\/i><\/span><i> Sammeln f\u00fcr Salat?<\/i>)<\/span><\/span><\/p>\n<p><span style=\"font-family: Garamond, serif;\"><span style=\"font-size: medium;\">&#8211; 13:00 Mittagessen \/ Vegan oder deftig, Leckere Suppen am offenen Feuer gekocht.<\/span><\/span><\/p>\n<p><span style=\"font-family: Garamond, serif;\"><span style=\"font-size: medium;\">&#8211; Danach, Zeit f\u00fcr Dich. Ihr k\u00f6nnt Bogenschie\u00dfen, t\u00f6pfern, das Brot f\u00fcr den Abend backen helfen oder einfach nur entspannen.<\/span><\/span><\/p>\n<p><span style=\"color: #000000;\"><span style=\"font-family: Garamond, serif;\"><span style=\"font-size: medium;\">&#8211; 17:30<\/span><\/span><\/span> <span style=\"font-family: Garamond, serif;\"><span style=\"font-size: medium;\">&#8211; 18:30 Natur-Yoga auf der Wiese<\/span><\/span><\/p>\n<p><span style=\"font-family: Garamond, serif;\"><span style=\"font-size: medium;\">&#8211; 18:30 Abendessen \/ Veganes oder Deftiges vom Grill, dazu selbstgebackenes Brot aus dem Lehmbackofen. <\/span><\/span><\/p>\n<p><span style=\"font-family: Garamond, serif;\"><span style=\"font-size: medium;\"><span style=\"color: #000000;\">&#8211; 20:30 Den Abend am Feuer genie\u00dfen, bei Honigwein, Musik, Geschichten erz\u00e4hlen, <\/span><span style=\"color: #000000;\">sowie<\/span><span style=\"color: #000000;\"> einem <\/span><span style=\"color: #000000;\">kleinen Dank- und<\/span><span style=\"color: #000000;\"> Heilritual.<\/span> <\/span><\/span><\/p>\n<p><span style=\"font-family: Garamond, serif;\"><span style=\"font-size: medium;\"><b>Sonntag, den 15.05.2022<\/b><\/span><\/span><\/p>\n<p><span style=\"font-family: Garamond, serif;\"><span style=\"font-size: medium;\">&#8211; 08:00 &#8211; 9:00 Natur-Yoga auf der Wiese<\/span><\/span><\/p>\n<p><span style=\"font-family: Garamond, serif;\"><span style=\"font-size: medium;\">&#8211; 9:00 Fr\u00fchst\u00fcck mit selbst gebackenem Brot aus dem Lehmofen<\/span><\/span><\/p>\n<p><span style=\"font-family: Garamond, serif;\"><span style=\"font-size: medium;\">&#8211; 11:00 kleiner Kr\u00e4uterspaziergang<\/span><\/span><\/p>\n<p><span style=\"font-family: Garamond, serif;\"><span style=\"font-size: medium;\">&#8211; gegen 14:00 Abreise (individuell)<\/span><\/span><\/p>\n<p><span style=\"font-family: Garamond, serif;\"><span style=\"font-size: medium;\"><b><br \/>\nAnmeldung <\/b><\/span><\/span><\/p>\n<p><span style=\"color: #000000;\"><span style=\"font-family: Garamond, serif;\"><span style=\"font-size: medium;\"><a href=\"mailto:kulturerbe.gannahall@gmail.com\">kulturerbe.gannahall@gmail.com<\/a><\/span><\/span><\/span><\/p>\n<p><span style=\"color: #000000;\"><span style=\"font-family: Garamond, serif;\"><span style=\"font-size: medium;\">Nach schriftlicher Voranmeldung senden wir Euch die Kontodaten zu.<br \/>\nDie Buchung gilt erst ab Zahlungseingang als verbindlich.<br \/>\nDie zu zahlende Gesamtsumme findet Ihr weiter unten im Text unter <b>Retreat-Geb\u00fchr<\/b><\/span><\/span><\/span><\/p>\n<p>Infos auch telefonisch unter 0163 4017982<\/p>\n<p><span style=\"font-family: Garamond, serif;\"><span style=\"font-size: medium;\"><b>Team<br \/>\n<\/b><\/span><\/span><span style=\"font-family: Garamond, serif;\"><span style=\"font-size: medium;\">Neben Pepper, Eurer <\/span><\/span><span style=\"font-family: Garamond, serif;\"><span style=\"font-size: medium;\">Yogalehrerin\/Waldf\u00fchrerin <\/span><\/span><span style=\"font-family: Garamond, serif;\"><span style=\"font-size: medium;\">und \u201eZeit<\/span><\/span><span style=\"font-family: Garamond, serif;\"><span style=\"font-size: medium;\">r<\/span><\/span><span style=\"font-family: Garamond, serif;\"><span style=\"font-size: medium;\">eiseleiter\u201c Rico, k\u00fcmmer<\/span><\/span><span style=\"font-family: Garamond, serif;\"><span style=\"font-size: medium;\">n sich verschiedene Helfer <\/span><\/span><span style=\"font-family: Garamond, serif;\"><span style=\"font-size: medium;\">vor und w\u00e4hrend de<\/span><\/span><span style=\"font-family: Garamond, serif;\"><span style=\"font-size: medium;\">r Veranstaltung <\/span><\/span><span style=\"font-family: Garamond, serif;\"><span style=\"font-size: medium;\">um Euer Wohl <\/span><\/span><span style=\"font-family: Garamond, serif;\"><span style=\"font-size: medium;\">oder sorgen f\u00fcr<\/span><\/span><span style=\"font-family: Garamond, serif;\"><span style=\"font-size: medium;\"> Unterhaltung.<\/span><\/span><\/p>\n<p><span style=\"font-family: Garamond, serif;\"><span style=\"font-size: medium;\"><b>Teilnehmer<\/b><\/span><\/span><br \/>\n<span style=\"font-family: Garamond, serif;\"><span style=\"font-size: medium;\">Das Retreat ist auf 10 Teilnehmer begrenzt<\/span><\/span><\/p>\n<p><span style=\"font-family: Garamond, serif;\"><span style=\"font-size: medium;\"><b>\u00dcbernachtung im historischen Dorf<\/b><\/span><\/span><\/p>\n<p><span style=\"font-family: Garamond, serif;\"><span style=\"font-size: medium;\">Unsere Teilnehmer \u00fcbernachten in historischen Zelten auf Stroh. Ihr braucht also lediglich einen Schlafsack. Feldbett oder Isomatte sind <span style=\"color: #000000;\">zwar eigentlich<\/span> \u00fcberfl\u00fcssig, k\u00f6nnen aber mitgebracht werden. Wir raten au\u00dferdem zu Kopfkissen und einer zus\u00e4tzlichen Decke, auch f\u00fcr die Abende am Feuer, da es nachts im Luch sehr frisch werden kann.<\/span><\/span><\/p>\n<p><span style=\"font-family: Garamond, serif;\"><span style=\"font-size: medium;\">Achtung: Da es sich bei den Zelten in der Hauptsache um \u201eZweibett-Zelte\u201c handelt, empfielt es sich eventuell, mit Partner oder Freunden zu buchen.<\/span><\/span><\/p>\n<p><span style=\"font-family: Garamond, serif;\"><span style=\"font-size: medium;\">Auch die Anreise im Wohnwagen oder Wohnmobil ist m\u00f6glich, entsprechende Stellfl\u00e4chen sind auf dem Gel\u00e4nde vorhanden. Das Mitbringen einer eigenen Unterkunft <\/span><\/span><span style=\"font-family: Garamond, serif;\"><span style=\"font-size: medium;\">wirkt sich nicht auf <\/span><\/span><span style=\"font-family: Garamond, serif;\"><span style=\"font-size: medium;\">den Gesamtpreis <\/span><\/span><span style=\"font-family: Garamond, serif;\"><span style=\"font-size: medium;\">aus.<\/span><\/span><\/p>\n<p><span style=\"font-family: Garamond, serif;\"><span style=\"font-size: medium;\"><b>Versorgung<\/b><\/span><\/span><br \/>\n<span style=\"font-family: Garamond, serif;\"><span style=\"font-size: medium;\">K\u00fchl-\/Gefrierschr\u00e4nke sind im Bedarfsfall vorhanden. Waschm\u00f6glichkeiten sind vorhanden, Brunnenwasser (Kein Trinkwasser!) open air.<br \/>\n<\/span><\/span><span style=\"color: #000000;\"><span style=\"font-family: Garamond, serif;\"><span style=\"font-size: medium;\">Trinkwasser <\/span><\/span><\/span><span style=\"color: #000000;\"><span style=\"font-family: Garamond, serif;\"><span style=\"font-size: medium;\">wird ebenfalls bereitgestellt<\/span><\/span><\/span><span style=\"color: #000000;\"><span style=\"font-family: Garamond, serif;\"><span style=\"font-size: medium;\">.<br \/>\n<\/span><\/span><\/span><span style=\"color: #000000;\"><span style=\"font-family: Garamond, serif;\"><span style=\"font-size: medium;\">Einige<\/span><\/span><\/span><span style=\"color: #000000;\"><span style=\"font-family: Garamond, serif;\"><span style=\"font-size: medium;\"> Speisen <\/span><\/span><\/span><span style=\"color: #000000;\"><span style=\"font-family: Garamond, serif;\"><span style=\"font-size: medium;\">und Getr\u00e4nke<\/span><\/span><\/span><span style=\"color: #000000;\"><span style=\"font-family: Garamond, serif;\"><span style=\"font-size: medium;\">, wie Marmeladen, Schmalz, Brot, <\/span><\/span><\/span><span style=\"color: #000000;\"><span style=\"font-family: Garamond, serif;\"><span style=\"font-size: medium;\">stellen wir selbst her, andere, wie <\/span><\/span><\/span><span style=\"color: #000000;\"><span style=\"font-family: Garamond, serif;\"><span style=\"font-size: medium;\">der Honig oder <\/span><\/span><\/span><span style=\"color: #000000;\"><span style=\"font-family: Garamond, serif;\"><span style=\"font-size: medium;\">unsere Kr\u00e4utertees z.B. wurden hier in Gannahall geerntet.<\/span><\/span><\/span><\/p>\n<p><span style=\"color: #000000;\"><span style=\"font-family: Garamond, serif;\"><span style=\"font-size: medium;\">Beim <\/span><\/span><\/span><span style=\"color: #000000;\"><span style=\"font-family: Garamond, serif;\"><span style=\"font-size: medium;\">\u201e<\/span><\/span><\/span><span style=\"color: #000000;\"><span style=\"font-family: Garamond, serif;\"><span style=\"font-size: medium;\">Deftigen vom Grill\u201c handelt es sich ausnahmslos um Fleisch- und Wurstwaren aus regionaler Herstellung.<\/span><\/span><\/span><\/p>\n<p><span style=\"color: #000000;\"><span style=\"font-family: Garamond, serif;\"><span style=\"font-size: medium;\">Bei der Buchung bitte angeben, ob \u201eAllesesser\u201c oder Veganer, damit wir entsprechend planen k\u00f6nnen.<\/span><\/span><\/span><\/p>\n<p><span style=\"font-family: Garamond, serif;\"><span style=\"font-size: medium;\"><b>Anreise<\/b><\/span><\/span><br \/>\n<span style=\"font-family: Garamond, serif;\"><span style=\"font-size: medium;\">Historisches Dorf Gannahall<\/span><\/span><\/p>\n<p><span style=\"font-family: Garamond, serif;\"><span style=\"font-size: medium;\">Ludwig Jahn Stra\u00dfe 22g<\/span><\/span><\/p>\n<p><span style=\"font-family: Garamond, serif;\"><span style=\"font-size: medium;\">14641 Nauen<\/span><\/span><\/p>\n<p><span style=\"font-family: Garamond, serif;\"><span style=\"font-size: medium;\"><b>Bitte mitbringen: <\/b><\/span><\/span><\/p>\n<p><span style=\"font-family: Garamond, serif;\"><span style=\"font-size: medium;\">Taschenlampe, Schlafsack\/Bettzeug, Thermoskanne, wetterfeste (Wander-)Kleidung (Wetterbericht verfolgen!), Sportkleidung, Yoga-<span style=\"color: #000000;\">Matte oder Handtuch, <\/span><span style=\"color: #000000;\">ggf. auch Musikinstrumente (unplugged!) f\u00fcr die Abende am Feuer.<\/span><\/span><\/span><\/p>\n<p><span style=\"font-family: Garamond, serif;\"><span style=\"font-size: medium;\"><b>Bemerkung<\/b><\/span><\/span><br \/>\n<span style=\"font-family: Garamond, serif;\"><span style=\"font-size: medium;\">Das Seminar (Retreat) wird nach bestem Wissen und Gewissen durchgef\u00fchrt.<\/span><\/span><\/p>\n<p><span style=\"font-family: Garamond, serif;\"><span style=\"font-size: medium;\">Ob eine Teilnahme an dem Seminar mit der jeweiligen k\u00f6rperlichen und psychischen Verfassung vereinbar ist, hat jeder Teilnehmer\/in in eigener Verantwortung (eventuell mit Hilfe fachkundigen \u00e4rztlichen Rates) selbst zu pr\u00fcfen und zu entscheiden.<\/span><\/span><\/p>\n<p><span style=\"font-family: Garamond, serif;\"><span style=\"font-size: medium;\">Eine Haftung f\u00fcr auftretende Gesundheitssch\u00e4den und f\u00fcr Gegenst\u00e4nde der Teilnehmer kann nicht \u00fcbernommen werden.<\/span><\/span><\/p>\n<p><span style=\"font-family: Garamond, serif;\"><span style=\"font-size: medium;\">Wir bitten darauf zu achten, dass sich auf dem Gel\u00e4nde des Projektes \u201eHistorisches Dorf Gannahall\u201c aktuell noch einige Baustellen befinden.<\/span><\/span><\/p>\n<p><span style=\"font-family: Garamond, serif;\"><span style=\"font-size: medium;\">Eine Einweisung zum Verhalten im Dorf wird vor Ort erfolgen.<\/span><\/span><\/p>\n<p><span style=\"font-family: Garamond, serif;\"><span style=\"font-size: medium;\"><b>Retreat-Geb\u00fchr<\/b><\/span><\/span><\/p>\n<p><span style=\"font-family: Garamond, serif;\"><span style=\"font-size: medium;\">Das \u201eGannahall Retreat \u2013 Wochenende\u201c kostet pro Person insgesamt 350,00 \u20ac<br \/>\nIm Preis enthalten sind alle oben genannten Programmpunkte sowie Verpflegung und Unterkunft.<br \/>\nEs entstehen den Teilnehmern im Verlauf der Veranstaltung keine weiteren Kosten.<\/span><\/span><\/p>\n<p style=\"text-align: center;\">&#8230;<\/p>\n<p>[\/fusion_text][fusion_text columns=&#8220;&#8220; column_min_width=&#8220;&#8220; column_spacing=&#8220;&#8220; rule_style=&#8220;default&#8220; rule_size=&#8220;&#8220; rule_color=&#8220;&#8220; hide_on_mobile=&#8220;small-visibility,medium-visibility,large-visibility&#8220; class=&#8220;&#8220; id=&#8220;&#8220;]<script>\nfunction msg() {\n  alert(\"Seite befindet sich noch im Aufbau\");\n}\n<\/script><\/p>\n<style type=\"text\/css\">\nli.UR:hover{font-weight:bold}<br \/><\/style>\n<h1>Angebote\u00a0&amp;\u00a0M\u00f6glichkeiten<\/h1>\n<div style=\"margin-left: 50px; background-color: lightgrey; width: 600px; line-height: 2em;\">\n<ul>\n<li class=\"UR\">Betriebsfeiern, Team-Events<\/li>\n<li class=\"UR\">Projekttage, Klassenfahrten, Schulausfl\u00fcge<\/li>\n<li class=\"UR\">Ferienlager<\/li>\n<li class=\"UR\">Hochzeiten, Kindsweihen, Namensgebungen, Jungesell(inn)enabschiede<\/li>\n<li class=\"UR\">Kurse, Workshops, Seminare<\/li>\n<li class=\"UR\">Historisches Handwerk<\/li>\n<li class=\"UR\">Experimentelle Arch\u00e4ologie<\/li>\n<li class=\"UR\">Kr\u00e4uterf\u00fchrungen<\/li>\n<li class=\"UR\">Musik, Tanz &amp; Meditation<\/li>\n<\/ul>\n<\/div>\n<p><button><a title=\"Anfrage via Email\" href=\"mailto:kulturerbe.gannahall@gmail.com?subject=%7CBuchungsanfrage%7C&amp;body=Beschreibung...\" target=\"_blank\" rel=\"noopener noreferrer\">Anfragen<\/a><\/button>[\/fusion_text][\/fusion_builder_column][\/fusion_builder_row][\/fusion_builder_container]<\/p>\n","protected":false},"excerpt":{"rendered":"<p>[fusion_builder_container hundred_percent=&#8220;no&#8220; equal_height_columns=&#8220;no&#8220; menu_anchor=&#8220;&#8220; hide_on_mobile=&#8220;small-visibility,medium-visibility,large-visibility&#8220; class=&#8220;&#8220; id=&#8220;&#8220; background_color=&#8220;&#8220; background_image=&#8220;&#8220; background_position=&#8220;center center&#8220; background_repeat=&#8220;no-repeat&#8220; fade=&#8220;no&#8220; background_parallax=&#8220;none&#8220; parallax_speed=&#8220;0.3&#8243; video_mp4=&#8220;&#8220; video_webm=&#8220;&#8220; video_ogv=&#8220;&#8220; video_url=&#8220;&#8220; video_aspect_ratio=&#8220;16:9&#8243; video_loop=&#8220;yes&#8220; video_mute=&#8220;yes&#8220; overlay_color=&#8220;&#8220; video_preview_image=&#8220;&#8220; border_size=&#8220;&#8220; border_color=&#8220;&#8220; border_style=&#8220;solid&#8220; padding_top=&#8220;&#8220; padding_bottom=&#8220;&#8220; padding_left=&#8220;&#8220; padding_right=&#8220;&#8220;][fusion_builder_row][fusion_builder_column type=&#8220;1_1&#8243; layout=&#8220;1_1&#8243; background_position=&#8220;left top&#8220; background_color=&#8220;&#8220; border_size=&#8220;&#8220; border_color=&#8220;&#8220; border_style=&#8220;solid&#8220; border_position=&#8220;all&#8220; spacing=&#8220;yes&#8220; background_image=&#8220;&#8220; background_repeat=&#8220;no-repeat&#8220; padding_top=&#8220;&#8220; padding_right=&#8220;&#8220; padding_bottom=&#8220;&#8220; padding_left=&#8220;&#8220; margin_top=&#8220;0px&#8220; margin_bottom=&#8220;0px&#8220; class=&#8220;&#8220; id=&#8220;&#8220; animation_type=&#8220;&#8220; animation_speed=&#8220;0.3&#8243; animation_direction=&#8220;left&#8220; hide_on_mobile=&#8220;small-visibility,medium-visibility,large-visibility&#8220; center_content=&#8220;no&#8220; last=&#8220;no&#8220; min_height=&#8220;&#8220; hover_type=&#8220;none&#8220; link=&#8220;&#8220;][fusion_imageframe image_id=&#8220;17524|600&#8243; max_width=&#8220;&#8220; style_type=&#8220;glow&#8220; blur=&#8220;&#8220; stylecolor=&#8220;&#8220; hover_type=&#8220;none&#8220; bordersize=&#8220;3&#8243; bordercolor=&#8220;&#8220; borderradius=&#8220;&#8220; align=&#8220;center&#8220; lightbox=&#8220;no&#8220; gallery_id=&#8220;&#8220; lightbox_image=&#8220;&#8220; lightbox_image_id=&#8220;&#8220; alt=&#8220;&#8220; link=&#8220;&#8220; linktarget=&#8220;_self&#8220; hide_on_mobile=&#8220;small-visibility,medium-visibility,large-visibility&#8220; class=&#8220;&#8220; id=&#8220;&#8220; animation_type=&#8220;&#8220; animation_direction=&#8220;left&#8220; animation_speed=&#8220;0.3&#8243; animation_offset=&#8220;&#8220;]http:\/\/www.gannahall.de\/wp-content\/uploads\/2022\/04\/IMG_20220331_172316_507-600&#215;503.jpg[\/fusion_imageframe][fusion_text columns=&#8220;&#8220; column_min_width=&#8220;&#8220; column_spacing=&#8220;&#8220; rule_style=&#8220;default&#8220; rule_size=&#8220;&#8220; rule_color=&#8220;&#8220; hide_on_mobile=&#8220;small-visibility,medium-visibility,large-visibility&#8220; class=&#8220;&#8220; id=&#8220;&#8220;] &#8230; Gannahall &#8211; Retreat Eine dreit\u00e4gige Reise [&hellip;]<\/p>\n","protected":false},"author":2,"featured_media":0,"parent":0,"menu_order":0,"comment_status":"closed","ping_status":"closed","template":"","meta":[],"_links":{"self":[{"href":"http:\/\/www.tiuwari.de\/index.php\/wp-json\/wp\/v2\/pages\/16954"}],"collection":[{"href":"http:\/\/www.tiuwari.de\/index.php\/wp-json\/wp\/v2\/pages"}],"about":[{"href":"http:\/\/www.tiuwari.de\/index.php\/wp-json\/wp\/v2\/types\/page"}],"author":[{"embeddable":true,"href":"http:\/\/www.tiuwari.de\/index.php\/wp-json\/wp\/v2\/users\/2"}],"replies":[{"embeddable":true,"href":"http:\/\/www.tiuwari.de\/index.php\/wp-json\/wp\/v2\/comments?post=16954"}],"version-history":[{"count":22,"href":"http:\/\/www.tiuwari.de\/index.php\/wp-json\/wp\/v2\/pages\/16954\/revisions"}],"predecessor-version":[{"id":17525,"href":"http:\/\/www.tiuwari.de\/index.php\/wp-json\/wp\/v2\/pages\/16954\/revisions\/17525"}],"wp:attachment":[{"href":"http:\/\/www.tiuwari.de\/index.php\/wp-json\/wp\/v2\/media?parent=16954"}],"curies":[{"name":"wp","href":"https:\/\/api.w.org\/{rel}","templated":true}]}}