{"id":12190,"date":"2017-03-22T16:19:24","date_gmt":"2017-03-22T15:19:24","guid":{"rendered":"http:\/\/www.semnonenbund.de\/?page_id=12190"},"modified":"2017-05-25T14:57:51","modified_gmt":"2017-05-25T13:57:51","slug":"touristische-infrastruktur","status":"publish","type":"page","link":"http:\/\/www.tiuwari.de\/index.php\/gannahall\/touristische-infrastruktur\/","title":{"rendered":"Touristische Infrastruktur"},"content":{"rendered":"<p>[fusion_builder_container hundred_percent=&#8220;no&#8220; equal_height_columns=&#8220;no&#8220; hide_on_mobile=&#8220;small-visibility,medium-visibility,large-visibility&#8220; background_position=&#8220;center center&#8220; background_repeat=&#8220;no-repeat&#8220; fade=&#8220;no&#8220; background_parallax=&#8220;none&#8220; parallax_speed=&#8220;0.3&#8243; video_aspect_ratio=&#8220;16:9&#8243; video_loop=&#8220;yes&#8220; video_mute=&#8220;yes&#8220; overlay_opacity=&#8220;0.5&#8243; border_style=&#8220;solid&#8220;][fusion_builder_row][fusion_builder_column type=&#8220;1_1&#8243; layout=&#8220;1_1&#8243; background_position=&#8220;left top&#8220; background_color=&#8220;&#8220; border_size=&#8220;&#8220; border_color=&#8220;&#8220; border_style=&#8220;solid&#8220; border_position=&#8220;all&#8220; spacing=&#8220;yes&#8220; background_image=&#8220;&#8220; background_repeat=&#8220;no-repeat&#8220; padding=&#8220;&#8220; margin_top=&#8220;0px&#8220; margin_bottom=&#8220;0px&#8220; class=&#8220;&#8220; id=&#8220;&#8220; animation_type=&#8220;&#8220; animation_speed=&#8220;0.3&#8243; animation_direction=&#8220;left&#8220; hide_on_mobile=&#8220;small-visibility,medium-visibility,large-visibility&#8220; center_content=&#8220;no&#8220; last=&#8220;no&#8220; min_height=&#8220;&#8220; hover_type=&#8220;none&#8220; link=&#8220;&#8220;][fusion_title hide_on_mobile=&#8220;small-visibility,medium-visibility,large-visibility&#8220; size=&#8220;1&#8243; content_align=&#8220;left&#8220; style_type=&#8220;default&#8220;]<\/p>\n<h1>Touristische Infrastruktur<\/h1>\n<p>[\/fusion_title][fusion_text]<\/p>\n<p><strong>Bedeutung des historischen Dorfes f\u00fcr den Tourismus<\/strong><\/p>\n<p align=\"JUSTIFY\">Die Stadt Nauen, mitten im Naherholungsg\u00fcrtel der deutschen Hauptstadt gelegen, ist aufgrund ihrer idealen Lage zu jeder Jahreszeit ein beliebtes und schnell zu erreichendes Ausflugsziel, f\u00fcr Erholungssuchende aus dem Gro\u00dfraum Berlin.<\/p>\n<p align=\"JUSTIFY\">Sp\u00e4testens wenn im Fr\u00fchjahr die Tage l\u00e4nger werden und die Temperaturen steigen, str\u00f6men die Touristen \u00fcber die Landstra\u00dfen und Radwanderwegen in das Havelland und zwar nicht nur auf der Suche nach kurzweiliger Entspannung und Erholung, sondern vor allem auch um die kulturellen Angebote der Region zu nutzen.<\/p>\n<p align=\"JUSTIFY\">Diesbez\u00fcglich hat sich in den letzten Jahren einiges getan im Havelland, dennoch l\u00e4sst gerade die touristische und kulturelle Infrastruktur noch einiges zu w\u00fcnschen \u00fcbrig.<\/p>\n<p align=\"JUSTIFY\">Insbesondere dem geschichtsinteressierten Touristen wird, bis auf die vom \u201eNauener Nachtw\u00e4chter\u201c durchgef\u00fchrten F\u00fchrungen durch die historische Altstadt Nauens so gut wie nichts angeboten.<\/p>\n<p align=\"JUSTIFY\">Dabei gibt die Regionalgeschichte so viel mehr her als Ackerbauerkultur, die Quitzows und das Nauener Funkamt.<br \/>\nGerade im Bereich der Vor- und Fr\u00fchgeschichte haben die Stadt Nauen und das Havelland, wie auch die gesamte Mark Brandenburg einige interessante Aspekte von nahezu welthistorischer Bedeutung zu bieten. Zumindest die regionalen Impulse auf die Geschichte Europas sind betr\u00e4chtlich, wenn auch leider einer breiten \u00d6ffentlichkeit noch weitestgehend unbekannt.<\/p>\n<p align=\"JUSTIFY\">So wissen heute in der Regel nur Historiker und eingefleischte Geschichtsfans zum Beispiel von der Bedeutung der Langobarden und der aus den einstmals hier ans\u00e4ssigen Semnonen hervorgegangenen elbgermanischen St\u00e4mme auf das Ende des r\u00f6mischen Imperiums und damit auf das Ende der Antike und den Beginn des europ\u00e4ischen Fr\u00fchmittelalters.<\/p>\n<p align=\"JUSTIFY\">Es waren die V\u00f6lker und St\u00e4mme der germanischen V\u00f6lkerwanderung, die das Europa wie wir es heute kennen, in seiner Fr\u00fchform pr\u00e4gten. Unter ihnen die aus den Semnonen hervorgegangenen Allamannen und die skandinavischen G\u00e4ste von Nauen\/B\u00e4rhorst, die Langobarden.<\/p>\n<p align=\"JUSTIFY\">Und das ist nur eine der h\u00f6chst interessanten Geschichtsfacetten des Havellandes, die ein touristisches Publikum durchaus interessieren d\u00fcrften.<\/p>\n<p align=\"JUSTIFY\">Bereit diese L\u00fccke zu schlie\u00dfen ist der Semnonenbund e.V. mit seinem Projekt \u201eHistorisches Dorf GANNAHALL\u201c.<\/p>\n<p>[\/fusion_text][fusion_imageframe image_id=&#8220;12803&#8243; style_type=&#8220;none&#8220; hover_type=&#8220;none&#8220; align=&#8220;center&#8220; lightbox=&#8220;no&#8220; linktarget=&#8220;_self&#8220; hide_on_mobile=&#8220;small-visibility,medium-visibility,large-visibility&#8220; animation_direction=&#8220;left&#8220; animation_speed=&#8220;0.3&#8243;]http:\/\/www.gannahall.de\/wp-content\/uploads\/2017\/03\/betrieb2-300&#215;201.jpg[\/fusion_imageframe][fusion_text]<\/p>\n<p align=\"JUSTIFY\">Eine Anlage wie das historische Dorf GANNAHALL ist nicht nur aufgrund seiner Position am gr\u00fcnen Stadtrand von Nauen dazu geeignet, Erholungssuchende zum Verweilen einzuladen, sondern vor allem auch geschichtlich und kulturell Interessierten ein Ausflugsziel zu bieten, bevor oder nachdem sie einen Bummel durch die historische Altstadt unternommen haben und das hoffentlich irgendwann ansprechende Heimatmuseum besucht haben.<\/p>\n<p align=\"JUSTIFY\">F\u00fcr viele Touristen d\u00fcrfte unsere Stadt gar erst durch einen geplanten Besuch im historischen Dorf zum Ausflugsziel werden.<\/p>\n<p align=\"JUSTIFY\">Um die touristische Attraktivit\u00e4t der Region weiter zu steigern, wird seitens des Vereins eine zuk\u00fcnftige Vernetzung mit anderen \u00f6ffentlichen, gewerblichen und gemeinn\u00fctzigen Tr\u00e4gern, Firmen und Vereinen, wie z.\u00a0B. dem Tourismusverband, dem Hotel- und Gastst\u00e4ttengewerbe, den Verkehrsbetrieben usw. angestrebt.<\/p>\n<p align=\"JUSTIFY\">Dies d\u00fcrfte der touristischen und kulturellen Infrastruktur weiteren Auftrieb verleihen.<\/p>\n<p>[\/fusion_text][\/fusion_builder_column][\/fusion_builder_row][\/fusion_builder_container]<\/p>\n","protected":false},"excerpt":{"rendered":"<p>[fusion_builder_container hundred_percent=&#8220;no&#8220; equal_height_columns=&#8220;no&#8220; hide_on_mobile=&#8220;small-visibility,medium-visibility,large-visibility&#8220; background_position=&#8220;center center&#8220; background_repeat=&#8220;no-repeat&#8220; fade=&#8220;no&#8220; background_parallax=&#8220;none&#8220; parallax_speed=&#8220;0.3&#8243; video_aspect_ratio=&#8220;16:9&#8243; video_loop=&#8220;yes&#8220; video_mute=&#8220;yes&#8220; overlay_opacity=&#8220;0.5&#8243; border_style=&#8220;solid&#8220;][fusion_builder_row][fusion_builder_column type=&#8220;1_1&#8243; layout=&#8220;1_1&#8243; background_position=&#8220;left top&#8220; background_color=&#8220;&#8220; border_size=&#8220;&#8220; border_color=&#8220;&#8220; border_style=&#8220;solid&#8220; border_position=&#8220;all&#8220; spacing=&#8220;yes&#8220; background_image=&#8220;&#8220; background_repeat=&#8220;no-repeat&#8220; padding=&#8220;&#8220; margin_top=&#8220;0px&#8220; margin_bottom=&#8220;0px&#8220; class=&#8220;&#8220; id=&#8220;&#8220; animation_type=&#8220;&#8220; animation_speed=&#8220;0.3&#8243; animation_direction=&#8220;left&#8220; hide_on_mobile=&#8220;small-visibility,medium-visibility,large-visibility&#8220; center_content=&#8220;no&#8220; last=&#8220;no&#8220; min_height=&#8220;&#8220; hover_type=&#8220;none&#8220; link=&#8220;&#8220;][fusion_title hide_on_mobile=&#8220;small-visibility,medium-visibility,large-visibility&#8220; size=&#8220;1&#8243; content_align=&#8220;left&#8220; style_type=&#8220;default&#8220;] Touristische Infrastruktur [\/fusion_title][fusion_text] Bedeutung des historischen Dorfes f\u00fcr den Tourismus Die Stadt Nauen, mitten im Naherholungsg\u00fcrtel der deutschen Hauptstadt gelegen, ist aufgrund ihrer idealen Lage zu jeder Jahreszeit ein beliebtes und schnell zu erreichendes Ausflugsziel, f\u00fcr Erholungssuchende aus dem Gro\u00dfraum Berlin. Sp\u00e4testens wenn im Fr\u00fchjahr die Tage l\u00e4nger werden und die Temperaturen steigen, str\u00f6men die [&hellip;]<\/p>\n","protected":false},"author":1,"featured_media":0,"parent":12082,"menu_order":0,"comment_status":"closed","ping_status":"closed","template":"","meta":[],"_links":{"self":[{"href":"http:\/\/www.tiuwari.de\/index.php\/wp-json\/wp\/v2\/pages\/12190"}],"collection":[{"href":"http:\/\/www.tiuwari.de\/index.php\/wp-json\/wp\/v2\/pages"}],"about":[{"href":"http:\/\/www.tiuwari.de\/index.php\/wp-json\/wp\/v2\/types\/page"}],"author":[{"embeddable":true,"href":"http:\/\/www.tiuwari.de\/index.php\/wp-json\/wp\/v2\/users\/1"}],"replies":[{"embeddable":true,"href":"http:\/\/www.tiuwari.de\/index.php\/wp-json\/wp\/v2\/comments?post=12190"}],"version-history":[{"count":4,"href":"http:\/\/www.tiuwari.de\/index.php\/wp-json\/wp\/v2\/pages\/12190\/revisions"}],"predecessor-version":[{"id":12815,"href":"http:\/\/www.tiuwari.de\/index.php\/wp-json\/wp\/v2\/pages\/12190\/revisions\/12815"}],"up":[{"embeddable":true,"href":"http:\/\/www.tiuwari.de\/index.php\/wp-json\/wp\/v2\/pages\/12082"}],"wp:attachment":[{"href":"http:\/\/www.tiuwari.de\/index.php\/wp-json\/wp\/v2\/media?parent=12190"}],"curies":[{"name":"wp","href":"https:\/\/api.w.org\/{rel}","templated":true}]}}