{"id":12167,"date":"2017-03-22T15:56:59","date_gmt":"2017-03-22T14:56:59","guid":{"rendered":"http:\/\/www.semnonenbund.de\/?page_id=12167"},"modified":"2019-04-02T19:34:12","modified_gmt":"2019-04-02T18:34:12","slug":"kleidung-trachtenmode","status":"publish","type":"page","link":"http:\/\/www.tiuwari.de\/index.php\/hintergrund\/kleidung-trachtenmode\/","title":{"rendered":"Kleidung &#038; Trachtenmode"},"content":{"rendered":"<p>[fusion_builder_container hundred_percent=&#8220;no&#8220; hundred_percent_height=&#8220;no&#8220; hundred_percent_height_scroll=&#8220;no&#8220; hundred_percent_height_center_content=&#8220;yes&#8220; equal_height_columns=&#8220;no&#8220; menu_anchor=&#8220;menue&#8220; hide_on_mobile=&#8220;small-visibility,medium-visibility,large-visibility&#8220; status=&#8220;published&#8220; publish_date=&#8220;&#8220; class=&#8220;&#8220; id=&#8220;&#8220; background_color=&#8220;&#8220; background_image=&#8220;&#8220; background_position=&#8220;center center&#8220; background_repeat=&#8220;no-repeat&#8220; fade=&#8220;no&#8220; background_parallax=&#8220;none&#8220; enable_mobile=&#8220;no&#8220; parallax_speed=&#8220;0.3&#8243; video_mp4=&#8220;&#8220; video_webm=&#8220;&#8220; video_ogv=&#8220;&#8220; video_url=&#8220;&#8220; video_aspect_ratio=&#8220;16:9&#8243; video_loop=&#8220;yes&#8220; video_mute=&#8220;yes&#8220; video_preview_image=&#8220;&#8220; border_size=&#8220;&#8220; border_color=&#8220;&#8220; border_style=&#8220;solid&#8220; margin_top=&#8220;&#8220; margin_bottom=&#8220;&#8220; padding_top=&#8220;20px&#8220; padding_right=&#8220;&#8220; padding_bottom=&#8220;20px&#8220; padding_left=&#8220;&#8220;][fusion_builder_row][fusion_builder_column type=&#8220;1_5&#8243; layout=&#8220;1_2&#8243; spacing=&#8220;&#8220; center_content=&#8220;no&#8220; hover_type=&#8220;none&#8220; link=&#8220;&#8220; min_height=&#8220;&#8220; hide_on_mobile=&#8220;small-visibility,medium-visibility,large-visibility&#8220; class=&#8220;&#8220; id=&#8220;&#8220; background_color=&#8220;&#8220; background_image=&#8220;&#8220; background_position=&#8220;left top&#8220; background_repeat=&#8220;no-repeat&#8220; border_size=&#8220;0&#8243; border_color=&#8220;&#8220; border_style=&#8220;solid&#8220; border_position=&#8220;all&#8220; padding_top=&#8220;&#8220; padding_right=&#8220;&#8220; padding_bottom=&#8220;&#8220; padding_left=&#8220;&#8220; margin_top=&#8220;&#8220; margin_bottom=&#8220;&#8220; animation_type=&#8220;&#8220; animation_direction=&#8220;left&#8220; animation_speed=&#8220;0.3&#8243; animation_offset=&#8220;&#8220; last=&#8220;no&#8220; element_content=&#8220;&#8220;][fusion_code]PGRpdiBpZD0iYTEiPiZuYnNwOzwvZGl2Pg==[\/fusion_code][fusion_button link=&#8220;http:\/\/www.gannahall.de\/index.php\/bekleidung-frauen\/&#8220; text_transform=&#8220;&#8220; title=&#8220;&#8220; target=&#8220;_self&#8220; link_attributes=&#8220;&#8220; alignment=&#8220;&#8220; modal=&#8220;&#8220; hide_on_mobile=&#8220;small-visibility,medium-visibility,large-visibility&#8220; class=&#8220;&#8220; id=&#8220;&#8220; color=&#8220;lightgray&#8220; button_gradient_top_color=&#8220;&#8220; button_gradient_bottom_color=&#8220;&#8220; button_gradient_top_color_hover=&#8220;&#8220; button_gradient_bottom_color_hover=&#8220;&#8220; accent_color=&#8220;&#8220; accent_hover_color=&#8220;&#8220; type=&#8220;flat&#8220; bevel_color=&#8220;&#8220; border_width=&#8220;&#8220; size=&#8220;small&#8220; stretch=&#8220;yes&#8220; shape=&#8220;round&#8220; icon=&#8220;&#8220; icon_position=&#8220;left&#8220; icon_divider=&#8220;no&#8220; animation_type=&#8220;&#8220; animation_direction=&#8220;left&#8220; animation_speed=&#8220;0.3&#8243; animation_offset=&#8220;&#8220;]Bekleidung Frau[\/fusion_button][fusion_button link=&#8220;http:\/\/www.gannahall.de\/index.php\/bekleidung-maenner\/&#8220; text_transform=&#8220;&#8220; title=&#8220;&#8220; target=&#8220;_self&#8220; link_attributes=&#8220;&#8220; alignment=&#8220;&#8220; modal=&#8220;&#8220; hide_on_mobile=&#8220;small-visibility,medium-visibility,large-visibility&#8220; class=&#8220;&#8220; id=&#8220;&#8220; color=&#8220;lightgray&#8220; button_gradient_top_color=&#8220;&#8220; button_gradient_bottom_color=&#8220;&#8220; button_gradient_top_color_hover=&#8220;&#8220; button_gradient_bottom_color_hover=&#8220;&#8220; accent_color=&#8220;&#8220; accent_hover_color=&#8220;&#8220; type=&#8220;flat&#8220; bevel_color=&#8220;&#8220; border_width=&#8220;&#8220; size=&#8220;small&#8220; stretch=&#8220;yes&#8220; shape=&#8220;round&#8220; icon=&#8220;&#8220; icon_position=&#8220;left&#8220; icon_divider=&#8220;no&#8220; animation_type=&#8220;&#8220; animation_direction=&#8220;left&#8220; animation_speed=&#8220;0.3&#8243; animation_offset=&#8220;&#8220;]Bekleidung Mann[\/fusion_button][\/fusion_builder_column][fusion_builder_column type=&#8220;1_2&#8243; layout=&#8220;1_2&#8243; spacing=&#8220;&#8220; center_content=&#8220;no&#8220; hover_type=&#8220;none&#8220; link=&#8220;&#8220; min_height=&#8220;&#8220; hide_on_mobile=&#8220;small-visibility,medium-visibility,large-visibility&#8220; class=&#8220;&#8220; id=&#8220;&#8220; background_color=&#8220;&#8220; background_image=&#8220;&#8220; background_position=&#8220;left top&#8220; background_repeat=&#8220;no-repeat&#8220; border_size=&#8220;0&#8243; border_color=&#8220;&#8220; border_style=&#8220;solid&#8220; border_position=&#8220;all&#8220; padding_top=&#8220;&#8220; padding_right=&#8220;&#8220; padding_bottom=&#8220;&#8220; padding_left=&#8220;&#8220; margin_top=&#8220;&#8220; margin_bottom=&#8220;&#8220; animation_type=&#8220;&#8220; animation_direction=&#8220;left&#8220; animation_speed=&#8220;0.3&#8243; animation_offset=&#8220;&#8220; last=&#8220;no&#8220; element_content=&#8220;&#8220;][\/fusion_builder_column][\/fusion_builder_row][\/fusion_builder_container][fusion_builder_container hundred_percent=&#8220;no&#8220; equal_height_columns=&#8220;no&#8220; hide_on_mobile=&#8220;small-visibility,medium-visibility,large-visibility&#8220; background_position=&#8220;center center&#8220; background_repeat=&#8220;no-repeat&#8220; fade=&#8220;no&#8220; background_parallax=&#8220;none&#8220; parallax_speed=&#8220;0.3&#8243; video_aspect_ratio=&#8220;16:9&#8243; video_loop=&#8220;yes&#8220; video_mute=&#8220;yes&#8220; border_style=&#8220;solid&#8220;][fusion_builder_row][fusion_builder_column type=&#8220;1_1&#8243; layout=&#8220;1_1&#8243; background_position=&#8220;left top&#8220; background_color=&#8220;&#8220; border_size=&#8220;&#8220; border_color=&#8220;&#8220; border_style=&#8220;solid&#8220; border_position=&#8220;all&#8220; spacing=&#8220;yes&#8220; background_image=&#8220;&#8220; background_repeat=&#8220;no-repeat&#8220; padding_top=&#8220;&#8220; padding_right=&#8220;&#8220; padding_bottom=&#8220;&#8220; padding_left=&#8220;&#8220; margin_top=&#8220;0px&#8220; margin_bottom=&#8220;0px&#8220; class=&#8220;&#8220; id=&#8220;&#8220; animation_type=&#8220;&#8220; animation_speed=&#8220;0.3&#8243; animation_direction=&#8220;left&#8220; hide_on_mobile=&#8220;small-visibility,medium-visibility,large-visibility&#8220; center_content=&#8220;no&#8220; last=&#8220;no&#8220; min_height=&#8220;&#8220; hover_type=&#8220;none&#8220; link=&#8220;&#8220;][fusion_menu_anchor name=&#8220;Inhalt&#8220; class=&#8220;&#8220; \/][fusion_text columns=&#8220;&#8220; column_min_width=&#8220;&#8220; column_spacing=&#8220;&#8220; rule_style=&#8220;default&#8220; rule_size=&#8220;&#8220; rule_color=&#8220;&#8220; hide_on_mobile=&#8220;small-visibility,medium-visibility,large-visibility&#8220; class=&#8220;&#8220; id=&#8220;&#8220;]<\/p>\n<h1 id=\"Bekleidung_und_Trachtenmode\" style=\"text-align: center;\">Bekleidung &amp; Trachtenmode der Semnonen<\/h1>\n<h1 style=\"text-align: center;\">zur Eisenzeit &amp; Kaiserzeit<\/h1>\n<p>[\/fusion_text][fusion_imageframe image_id=&#8220;13176&#8243; style_type=&#8220;none&#8220; hover_type=&#8220;none&#8220; align=&#8220;center&#8220; lightbox=&#8220;no&#8220; linktarget=&#8220;_self&#8220; hide_on_mobile=&#8220;small-visibility,medium-visibility,large-visibility&#8220; animation_direction=&#8220;left&#8220; animation_speed=&#8220;0.3&#8243;]http:\/\/www.gannahall.de\/wp-content\/uploads\/2017\/03\/clip_image002.jpg[\/fusion_imageframe][fusion_text columns=&#8220;&#8220; column_min_width=&#8220;&#8220; column_spacing=&#8220;&#8220; rule_style=&#8220;default&#8220; rule_size=&#8220;&#8220; rule_color=&#8220;&#8220; hide_on_mobile=&#8220;small-visibility,medium-visibility,large-visibility&#8220; class=&#8220;&#8220; id=&#8220;&#8220;]<\/p>\n<p>\u201eEin r\u00f6misches Heer wurde mit seinen Feldzeichen 400 Meilen vom Rhein bis zum Fluss Elbe gef\u00fchrt, der durch das Gebiet der Semnonen und Hermunduren flie\u00dft.\u201c<\/p>\n<p>\u201eEiner der Barbaren, ein \u00e4lterer Mann von stattlicher Gr\u00f6\u00dfe und, wie seine Kleidung zeigte von hohem Rang, stieg in einen Nachen ( \u2026 ) und ruderte allein mit diesem Fahrzeug bis auf die Mitte des Flusses.\u201c<\/p>\n<p>Diese Begebenheit des Jahres 5 unserer Zeitrechnung ist durch die Aufzeichnungen \u201eHistoria Romana\u201c des Velleius Paterculus \u00fcberliefert, welcher als Chronist und aktiver Zeitzeuge die Germanien-Feldz\u00fcge des Tiberius aufzeichnete, bei denen er offenbar selbst zugegen war.<br \/>\nVelleius Paterculus beschrieb die Germanen, wie seinerzeit \u00fcblich, in der Regel mit der typischen r\u00f6mischen Arroganz, herablassend als primitive Barbaren.<br \/>\nNur selten spiegeln seine Darstellungen Respekt gegen\u00fcber den Barbaren oder gar eine gewisse Hochachtung wider. Von der Erscheinung dieses \u00e4lteren Semnonen allerdings scheint er ernsthaft beeindruckt gewesen zu sein, nicht zuletzt offenbar von dessen vergleichsweise prunkvoller Kleidung, die ihn zu R\u00fcckschl\u00fcssen auf dessen mutma\u00dflichen sozialen Status verf\u00fchrten.<\/p>\n<p>Heute wie Damals kann nur vermutet werden, ob es sich um einen Vertreter des langobardischen oder semnonischen Kriegeradels, um einen spirituellen W\u00fcrdentr\u00e4ger oder \u00fcberhaupt um eine sozial herausstehende Pers\u00f6nlichkeit handelte. Es ist auch nicht auszuschlie\u00dfen, dass die Semnonen des \u00f6stlichen Elbufers aufgrund ihrer besonderen Stellung innerhalb der Sueben generell sozial hochstehend und\/oder wohlhabend waren und diesen Umstand, nach \u201etypisch germanischer Sitte\u201c, auch in ihrer Tracht zu repr\u00e4sentieren suchten.<\/p>\n<p>Bis zum Ende des r\u00f6mischen Imperiums blieb \u201edas heilige Land der Sueben\u201c zwischen Elbe und Oder \u201etabu\u201c und damit in so gut wie jeder Hinsicht weitestgehend unbekannt.<br \/>\nEin Umstand, an dem sich in den letzten zweitausend Jahren so gut wie nichts ge\u00e4ndert hat und in dessen Dunkel erst die Arch\u00e4ologie der letzten Jahrzehnte allm\u00e4hlich erhellt.<\/p>\n<p>Insgesamt d\u00fcrfte sich die Bekleidungsmode der Semnonen kaum von derjenigen anderer zeitgen\u00f6ssischer Germanenst\u00e4mme unterschieden haben.<br \/>\nJedenfalls kann innerhalb der suebischen St\u00e4mme eine enge Verwandtschaft der Trachtenmode angenommen werden.<br \/>\nDiese werden erstaunlich pr\u00e4zise in den Reliefs der sogenannten Markuss\u00e4ule in Rom beschrieben, einer Siegess\u00e4ule zu Ehren des Kaisers Mark Aurel. Auf dieser sind Sequenzen aus den so genannten Markomannenkriegen dargestellt, in welche haupts\u00e4chlich die suebischen St\u00e4mme des S\u00fcdens, n\u00e4mlich die Markomannen und Quaden, sowie neben weiteren suebischen Kriegsscharen auch Ostgermanen und sarmatische St\u00e4mme involviert waren.<\/p>\n<p>Sowohl von den Markomannen, als auch von den Quaden wissen wir, dass sie trotz ihrer jeweils immensen Gr\u00f6\u00dfe und Macht auch im ersten und zweiten nachchristlichen Jahrhundert noch in direktem Kontakt und zumindest gegenseitigem Einfluss mit den Semnonen der suebischen Urheimat standen.<br \/>\nDemzufolge darf aus den Darstellungen suebischer Frauen und M\u00e4nner der pr\u00e4zise gearbeiteten Reliefs der Markuss\u00e4ule wohl auf die Trachtenmode aller zeitgen\u00f6ssischer suebischer St\u00e4mme geschlussfolgert werden, wenngleich es durchaus regionale Unterschiede in Webmuster- oder Farbwahl gegeben haben mag.<\/p>\n<p>[\/fusion_text][fusion_imageframe image_id=&#8220;15233|full&#8220; max_width=&#8220;&#8220; style_type=&#8220;dropshadow&#8220; blur=&#8220;&#8220; stylecolor=&#8220;&#8220; hover_type=&#8220;none&#8220; bordersize=&#8220;&#8220; bordercolor=&#8220;&#8220; borderradius=&#8220;&#8220; align=&#8220;center&#8220; lightbox=&#8220;no&#8220; gallery_id=&#8220;&#8220; lightbox_image=&#8220;&#8220; lightbox_image_id=&#8220;&#8220; alt=&#8220;&#8220; link=&#8220;&#8220; linktarget=&#8220;_self&#8220; hide_on_mobile=&#8220;small-visibility,medium-visibility,large-visibility&#8220; class=&#8220;&#8220; id=&#8220;&#8220; animation_type=&#8220;&#8220; animation_direction=&#8220;left&#8220; animation_speed=&#8220;0.3&#8243; animation_offset=&#8220;&#8220;]http:\/\/www.gannahall.de\/wp-content\/uploads\/2019\/03\/19424374_1394006137341618_464406625448421661_n-1.jpg[\/fusion_imageframe][fusion_text columns=&#8220;&#8220; column_min_width=&#8220;&#8220; column_spacing=&#8220;&#8220; rule_style=&#8220;default&#8220; rule_size=&#8220;&#8220; rule_color=&#8220;&#8220; hide_on_mobile=&#8220;small-visibility,medium-visibility,large-visibility&#8220; class=&#8220;&#8220; id=&#8220;&#8220;]<\/p>\n<p style=\"text-align: center;\">.<\/p>\n<p>Beide Darstellungen, also die von Paterculus, als auch die detaillierten Reliefs der Markuss\u00e4ule widersprechen dem sonst von antiken, meist r\u00f6mischen Chronisten und K\u00fcnstlern gezeichneten Bild vom Aussehen der Germanen.<br \/>\nIm Regelfall begegnen uns dort sowohl Frau, als auch Mann, sp\u00e4rlich bekleidet, die germanische Frau gern mit entbl\u00f6\u00dfter Brust, wie auch der Mann mit zumindest nacktem Oberk\u00f6rper.<br \/>\nHier haben wir es im Grunde mit situationsbezogenen Darstellungen, wie \u201eFrau in Trauer\u201c oder \u201eMann im Kampf\u201c zu tun, welche keinesfalls als Spiegel germanischer Bekleidung und Trachtenmode taugen.<br \/>\nDennoch haben diese Darstellungen ma\u00dfgeblich zum bis heute existenten Image des kulturell primitiven germanischen Menschen am Beginn der Zeitrechnung beigetragen.<\/p>\n<p>Leider konnte auch die Arch\u00e4ologie im Bereich Bekleidung und Trachtenmode nicht viel Erhellendes beitragen, woran vor allem die bei den Semnonen \u00fcber viele Jahrhunderte hinweg praktizierte Sitte der Feuerbestattung Schuld tr\u00e4gt.<br \/>\nDoch auch wenn die Grabungsforschung f\u00fcr den fraglichen Zeitraum in unserer Region keinen Komplettbefund anzubieten vermag, so liefert sie dennoch wertvolle Indizien, die verglichen mit zeitgen\u00f6ssischen germanischen Funden anderer Regionen, sowie der antiken Quellenlage, durchaus zu einem Gesamtbild formen lassen.<\/p>\n<p>So verh\u00e4lt es sich \u00fcbrigens in so gut wie allen Bereichen der Germanenforschung, doch nicht immer ist ein derart geformtes Gesamtbild dann auch wirklich der Weisheit letzter Schluss und, bezogen auf die germanische Kleidung, die Summe aller (zuordbaren) Funde und Quellen nicht zwangsl\u00e4ufig auch \u201edie Trachtenmode\u201c der entsprechenden Zeit und Region.<br \/>\nHier liefern oftmals g\u00e4nzlich artfremde Wissenschaftszweige oder schlicht und ergreifend Logik die fehlenden Glieder zur Kette.<br \/>\nIch will dies an einem Beispiel aus dem Bereich Bekleidung erl\u00e4utern, den Schuhen.<\/p>\n<p>[\/fusion_text][fusion_imageframe image_id=&#8220;15169|full&#8220; max_width=&#8220;&#8220; style_type=&#8220;bottomshadow&#8220; blur=&#8220;&#8220; stylecolor=&#8220;&#8220; hover_type=&#8220;none&#8220; bordersize=&#8220;3&#8243; bordercolor=&#8220;&#8220; borderradius=&#8220;&#8220; align=&#8220;center&#8220; lightbox=&#8220;no&#8220; gallery_id=&#8220;&#8220; lightbox_image=&#8220;&#8220; lightbox_image_id=&#8220;&#8220; alt=&#8220;&#8220; link=&#8220;&#8220; linktarget=&#8220;_self&#8220; hide_on_mobile=&#8220;small-visibility,medium-visibility,large-visibility&#8220; class=&#8220;&#8220; id=&#8220;&#8220; animation_type=&#8220;&#8220; animation_direction=&#8220;left&#8220; animation_speed=&#8220;0.3&#8243; animation_offset=&#8220;&#8220;]http:\/\/www.gannahall.de\/wp-content\/uploads\/2019\/02\/Kleidung-Mann-Winter.jpg[\/fusion_imageframe][fusion_text columns=&#8220;&#8220; column_min_width=&#8220;&#8220; column_spacing=&#8220;&#8220; rule_style=&#8220;default&#8220; rule_size=&#8220;&#8220; rule_color=&#8220;&#8220; hide_on_mobile=&#8220;small-visibility,medium-visibility,large-visibility&#8220; class=&#8220;&#8220; id=&#8220;&#8220;]<\/p>\n<p style=\"text-align: center;\">.<\/p>\n<p>In der Regel werden sowohl der germanische Mann, als auch die Frau in Zeichnungen oder Modellen (siehe Foto) mit den typischen oben offenen Bundschuhen dargestellt, ganz gleich wie umfangreich die sonstige Kleidung dargestellt wird.<\/p>\n<p>Wird nun aber ein germanischer Mann ganz klar in Winterkleidung dargestellt, wie auf vorliegendem Bild geschehen, kann man ihm keine Sommerschuhe anziehen, auch wenn die Befundlage nur solche hergibt.<\/p>\n<p>Hier muss die Logik einsetzen und diese sagt uns: Ist der Lebensraum gepr\u00e4gt von weitgehend unbefestigten Wegen und Pl\u00e4tzen, so macht schon der verregnete mitteleurop\u00e4ische Herbst das Tragen von hoch geschlossenem festen und zudem gegen Feuchtigkeit behandeltem Schuhwerk zwingend notwendig. Dasselbe gilt f\u00fcr die Zeit des Winters und ebenso f\u00fcr das Fr\u00fchjahr, welches erst durch die Schneeschmelze und sp\u00e4ter mit hoher Wahrscheinlichkeit auch durch Regen schon die vergleichsweise kurzen Wege zum Brunnen oder zum Getreidespeicher zu abenteuerlichen Schlammpisten werden l\u00e4sst.<\/p>\n<p>Der Besitz von witterungsgerechtem Schuhwerk konnte, wie die \u00fcbrige Bekleidung auch, im Mitteleuropa zum Beginn der Zeitrechnung noch \u00fcber Leben und Tod entscheiden.<br \/>\nEs ist also davon auszugehen, dass der durchschnittlich wohlhabende Semnone, ganz gleich ob Mann oder Frau, \u00fcber mindestens zwei Paar Schuhe verf\u00fcgt haben m\u00fcssen, eines f\u00fcr den Sommer und eines f\u00fcr die Wintermonate. F\u00fcr die allt\u00e4gliche Arbeit auf dem Hof w\u00e4re gar noch ein Paar \u201eArbeitsschuhe\u201c denkbar, zum Beispiel im Stil von Holzpantinen (Klotzen, Klotschen, Klompen), wie sie heute noch \u00fcberall in Mittel- und Nordeuropa bekannt sind.<\/p>\n<p>Material und F\u00e4higkeiten zur Herstellung solcher Schuhe waren erwiesenerma\u00dfen vorhanden, folglich wurden sie auch getragen.<\/p>\n<p>[\/fusion_text][fusion_button link=&#8220;#menue&#8220; text_transform=&#8220;&#8220; title=&#8220;&#8220; target=&#8220;_self&#8220; link_attributes=&#8220;&#8220; alignment=&#8220;&#8220; modal=&#8220;&#8220; hide_on_mobile=&#8220;small-visibility,medium-visibility,large-visibility&#8220; class=&#8220;&#8220; id=&#8220;&#8220; color=&#8220;lightgray&#8220; button_gradient_top_color=&#8220;&#8220; button_gradient_bottom_color=&#8220;&#8220; button_gradient_top_color_hover=&#8220;&#8220; button_gradient_bottom_color_hover=&#8220;&#8220; accent_color=&#8220;&#8220; accent_hover_color=&#8220;&#8220; type=&#8220;flat&#8220; bevel_color=&#8220;&#8220; border_width=&#8220;&#8220; size=&#8220;small&#8220; stretch=&#8220;yes&#8220; shape=&#8220;round&#8220; icon=&#8220;fa-arrow-up fas&#8220; icon_position=&#8220;left&#8220; icon_divider=&#8220;no&#8220; animation_type=&#8220;&#8220; animation_direction=&#8220;left&#8220; animation_speed=&#8220;0.3&#8243; animation_offset=&#8220;&#8220;]nach oben[\/fusion_button][\/fusion_builder_column][\/fusion_builder_row][\/fusion_builder_container][fusion_builder_container hundred_percent=&#8220;no&#8220; hundred_percent_height=&#8220;no&#8220; hundred_percent_height_scroll=&#8220;no&#8220; hundred_percent_height_center_content=&#8220;yes&#8220; equal_height_columns=&#8220;no&#8220; menu_anchor=&#8220;&#8220; hide_on_mobile=&#8220;small-visibility,medium-visibility,large-visibility&#8220; status=&#8220;published&#8220; publish_date=&#8220;&#8220; class=&#8220;&#8220; id=&#8220;&#8220; background_color=&#8220;&#8220; background_image=&#8220;&#8220; background_position=&#8220;center center&#8220; background_repeat=&#8220;no-repeat&#8220; fade=&#8220;no&#8220; background_parallax=&#8220;none&#8220; enable_mobile=&#8220;no&#8220; parallax_speed=&#8220;0.3&#8243; video_mp4=&#8220;&#8220; video_webm=&#8220;&#8220; video_ogv=&#8220;&#8220; video_url=&#8220;&#8220; video_aspect_ratio=&#8220;16:9&#8243; video_loop=&#8220;yes&#8220; video_mute=&#8220;yes&#8220; video_preview_image=&#8220;&#8220; border_size=&#8220;&#8220; border_color=&#8220;&#8220; border_style=&#8220;solid&#8220; margin_top=&#8220;&#8220; margin_bottom=&#8220;&#8220; padding_top=&#8220;&#8220; padding_right=&#8220;&#8220; padding_bottom=&#8220;&#8220; padding_left=&#8220;&#8220;][fusion_builder_row][\/fusion_builder_row][\/fusion_builder_container]<\/p>\n","protected":false},"excerpt":{"rendered":"<p>[fusion_builder_container hundred_percent=&#8220;no&#8220; hundred_percent_height=&#8220;no&#8220; hundred_percent_height_scroll=&#8220;no&#8220; hundred_percent_height_center_content=&#8220;yes&#8220; equal_height_columns=&#8220;no&#8220; menu_anchor=&#8220;menue&#8220; hide_on_mobile=&#8220;small-visibility,medium-visibility,large-visibility&#8220; status=&#8220;published&#8220; publish_date=&#8220;&#8220; class=&#8220;&#8220; id=&#8220;&#8220; background_color=&#8220;&#8220; background_image=&#8220;&#8220; background_position=&#8220;center center&#8220; background_repeat=&#8220;no-repeat&#8220; fade=&#8220;no&#8220; background_parallax=&#8220;none&#8220; enable_mobile=&#8220;no&#8220; parallax_speed=&#8220;0.3&#8243; video_mp4=&#8220;&#8220; video_webm=&#8220;&#8220; video_ogv=&#8220;&#8220; video_url=&#8220;&#8220; video_aspect_ratio=&#8220;16:9&#8243; video_loop=&#8220;yes&#8220; video_mute=&#8220;yes&#8220; video_preview_image=&#8220;&#8220; border_size=&#8220;&#8220; border_color=&#8220;&#8220; border_style=&#8220;solid&#8220; margin_top=&#8220;&#8220; margin_bottom=&#8220;&#8220; padding_top=&#8220;20px&#8220; padding_right=&#8220;&#8220; padding_bottom=&#8220;20px&#8220; padding_left=&#8220;&#8220;][fusion_builder_row][fusion_builder_column type=&#8220;1_5&#8243; layout=&#8220;1_2&#8243; spacing=&#8220;&#8220; center_content=&#8220;no&#8220; hover_type=&#8220;none&#8220; link=&#8220;&#8220; min_height=&#8220;&#8220; hide_on_mobile=&#8220;small-visibility,medium-visibility,large-visibility&#8220; class=&#8220;&#8220; id=&#8220;&#8220; background_color=&#8220;&#8220; background_image=&#8220;&#8220; background_position=&#8220;left top&#8220; background_repeat=&#8220;no-repeat&#8220; border_size=&#8220;0&#8243; border_color=&#8220;&#8220; border_style=&#8220;solid&#8220; border_position=&#8220;all&#8220; padding_top=&#8220;&#8220; padding_right=&#8220;&#8220; padding_bottom=&#8220;&#8220; padding_left=&#8220;&#8220; margin_top=&#8220;&#8220; margin_bottom=&#8220;&#8220; animation_type=&#8220;&#8220; animation_direction=&#8220;left&#8220; animation_speed=&#8220;0.3&#8243; animation_offset=&#8220;&#8220; last=&#8220;no&#8220; element_content=&#8220;&#8220;][fusion_code]PGRpdiBpZD0iYTEiPiZuYnNwOzwvZGl2Pg==[\/fusion_code][fusion_button link=&#8220;http:\/\/www.gannahall.de\/index.php\/bekleidung-frauen\/&#8220; text_transform=&#8220;&#8220; title=&#8220;&#8220; target=&#8220;_self&#8220; link_attributes=&#8220;&#8220; alignment=&#8220;&#8220; modal=&#8220;&#8220; hide_on_mobile=&#8220;small-visibility,medium-visibility,large-visibility&#8220; class=&#8220;&#8220; id=&#8220;&#8220; color=&#8220;lightgray&#8220; button_gradient_top_color=&#8220;&#8220; button_gradient_bottom_color=&#8220;&#8220; button_gradient_top_color_hover=&#8220;&#8220; button_gradient_bottom_color_hover=&#8220;&#8220; accent_color=&#8220;&#8220; accent_hover_color=&#8220;&#8220; type=&#8220;flat&#8220; bevel_color=&#8220;&#8220; border_width=&#8220;&#8220; size=&#8220;small&#8220; stretch=&#8220;yes&#8220; shape=&#8220;round&#8220; icon=&#8220;&#8220; icon_position=&#8220;left&#8220; icon_divider=&#8220;no&#8220; animation_type=&#8220;&#8220; animation_direction=&#8220;left&#8220; animation_speed=&#8220;0.3&#8243; animation_offset=&#8220;&#8220;]Bekleidung Frau[\/fusion_button][fusion_button [&hellip;]<\/p>\n","protected":false},"author":1,"featured_media":0,"parent":12175,"menu_order":0,"comment_status":"closed","ping_status":"closed","template":"","meta":[],"_links":{"self":[{"href":"http:\/\/www.tiuwari.de\/index.php\/wp-json\/wp\/v2\/pages\/12167"}],"collection":[{"href":"http:\/\/www.tiuwari.de\/index.php\/wp-json\/wp\/v2\/pages"}],"about":[{"href":"http:\/\/www.tiuwari.de\/index.php\/wp-json\/wp\/v2\/types\/page"}],"author":[{"embeddable":true,"href":"http:\/\/www.tiuwari.de\/index.php\/wp-json\/wp\/v2\/users\/1"}],"replies":[{"embeddable":true,"href":"http:\/\/www.tiuwari.de\/index.php\/wp-json\/wp\/v2\/comments?post=12167"}],"version-history":[{"count":86,"href":"http:\/\/www.tiuwari.de\/index.php\/wp-json\/wp\/v2\/pages\/12167\/revisions"}],"predecessor-version":[{"id":15334,"href":"http:\/\/www.tiuwari.de\/index.php\/wp-json\/wp\/v2\/pages\/12167\/revisions\/15334"}],"up":[{"embeddable":true,"href":"http:\/\/www.tiuwari.de\/index.php\/wp-json\/wp\/v2\/pages\/12175"}],"wp:attachment":[{"href":"http:\/\/www.tiuwari.de\/index.php\/wp-json\/wp\/v2\/media?parent=12167"}],"curies":[{"name":"wp","href":"https:\/\/api.w.org\/{rel}","templated":true}]}}